In base 8, what is 0 - 1777152?
-1777152
In base 14, what is 243 + 120?
363
In base 9, what is 2510 - -165?
2675
In base 10, what is -59588 + -1?
-59589
In base 2, what is -10010101110001 + -10?
-10010101110011
In base 13, what is -3 - -1a623?
1a620
In base 13, what is 10bc7c - 4?
10bc78
In base 4, what is -10 - -30101220?
30101210
In base 9, what is 640837 - -1?
640838
In base 9, what is -313 + 40?
-263
In base 12, what is 0 + 1066?
1066
In base 3, what is -1212100122 - 12?
-1212100211
In base 6, what is -43 + -1532403?
-1532450
In base 13, what is a2 - -9a?
16c
In base 8, what is 166323 - -1?
166324
In base 10, what is 2116 + 4?
2120
In base 2, what is 101100100001110011 - 11?
101100100001110000
In base 2, what is -100111111110001 + -11000?
-101000000001001
In base 9, what is -2 + -230213?
-230215
In base 6, what is 13455204 + -3?
13455201
In base 8, what is 4 - 16716?
-16712
In base 11, what is -168219 + 0?
-168219
In base 16, what is -1 - -13018?
13017
In base 5, what is 20 - 301414?
-301344
In base 12, what is -1 - -3204?
3203
In base 11, what is 90981 + 0?
90981
In base 3, what is 10000110100 - -10?
10000110110
In base 9, what is -556 + -65?
-632
In base 6, what is 1020 + 215?
1235
In base 9, what is -848 - -30?
-818
In base 10, what is -26 - -2343?
2317
In base 15, what is -2 + -3a312?
-3a314
In base 2, what is 110010101000000 + -1000000?
110010100000000
In base 8, what is 72 - -14177?
14271
In base 14, what is -8674 - -c?
-8666
In base 12, what is -145a + 24?
-1436
In base 2, what is 101101100011 + -1101?
101101010110
In base 11, what is 171 - 1961?
-17a0
In base 2, what is 10010 - -1011101101100011?
1011101101110101
In base 9, what is 200447 - -5?
200453
In base 8, what is 10 + 3442?
3452
In base 13, what is -147 + -27b7?
-2931
In base 3, what is -21020000 + -20?
-21020020
In base 9, what is -2 + 44163?
44161
In base 2, what is 10000 + 110111110?
111001110
In base 5, what is -10134 - -31?
-10103
In base 3, what is 221001 - -11002?
1002010
In base 16, what is -bb9 + -132?
-ceb
In base 15, what is c7a3a5 - -1?
c7a3a6
In base 2, what is -10011 + 10110110101000?
10110110010101
In base 9, what is -22 - -11345?
11323
In base 6, what is -131423 - -3?
-131420
In base 10, what is -1162 - -828?
-334
In base 5, what is 3 + 20034302?
20034310
In base 10, what is 18 - -1917?
1935
In base 4, what is 31010202 - 0?
31010202
In base 8, what is 602 + -12?
570
In base 11, what is -549 + 4?
-545
In base 10, what is -59389 - 3?
-59392
In base 2, what is 10000000011001110001 - 1?
10000000011001110000
In base 5, what is 2132022 - 3?
2132014
In base 5, what is -1010131 - 142?
-1010323
In base 3, what is 11 - -10122020?
10122101
In base 9, what is 1243 + -2204?
-851
In base 16, what is -2 - -178ff?
178fd
In base 11, what is -199 - -6a93?
68a5
In base 4, what is 220 - -202310?
203130
In base 16, what is b + -8790?
-8785
In base 8, what is -5 + 37421?
37414
In base 12, what is -1203 - -30?
-1193
In base 4, what is -13 + 1033313?
1033300
In base 16, what is 94d + 5?
952
In base 3, what is -11 - -10101101121?
10101101110
In base 2, what is -1011000011 - -101111?
-1010010100
In base 9, what is -110848 + 4?
-110844
In base 3, what is 1002020221212 + 2?
1002020221221
In base 8, what is -202527 + -2?
-202531
In base 2, what is 1100110011010110101 + 100?
1100110011010111001
In base 10, what is -11 - -117853?
117842
In base 6, what is 2205 - -222?
2431
In base 6, what is 4 + -35514?
-35510
In base 13, what is -286 + 8c?
-1c7
In base 6, what is 2521105 + 4?
2521113
In base 12, what is 11188 - -3?
1118b
In base 11, what is 0 + -442a?
-442a
In base 9, what is -4 - 12274?
-12278
In base 8, what is -354 - -2365?
2011
In base 9, what is 141136 - -62?
141208
In base 11, what is -3 + 89633?
89630
In base 11, what is -33445 + 4?
-33441
In base 10, what is 2436 - 8?
2428
In base 7, what is 15 - 364215?
-364200
In base 9, what is 2 + 48767?
48770
In base 6, what is 24 - 1010133?
-1010105
In base 15, what is 6 - -ea832?
ea838
In base 10, what is -225 + 913?
688
In base 12, what is -1450 - -103?
-1349
In base 12, what is -2 + 1489b?
14899
In base 3, what is 202101120 - -121?
202102011
In base 3, what is -2022121222 + -20?
-2022122012
In base 14, what is -5 - -4dc6?
4dc1
In base 2, what is 101111010 + -11011001?
10100001
In base 3, what is 0 - 221101112200?
-221101112200
In base 11, what is 247 + -749?
-502
In base 5, what is 1 + 22132110?
22132111
In base 9, what is -72 - -3562?
3480
In base 7, what is -41212321 - -4?
-41212314
In base 9, what is 18535 - 2?
18533
In base 5, what is 40131 + 12341?
103022
In base 5, what is -4 + 1311200?
1311141
In base 14, what is 1a408 + -4?
1a404
In base 4, what is -22220110 + 12?
-22220032
In base 4, what is -11 + 2303232222?
2303232211
In base 10, what is 399819 + -4?
399815
In base 4, what is 1012 + -2333?
-1321
In base 8, what is -14511 - 217?
-14730
In base 13, what is -5 - -10313?
1030b
In base 14, what is 7b9d + 45?
7c04
In base 8, what is 2727040 - 2?
2727036
In base 11, what is -709 - -17?
-6a2
In base 5, what is -1013030 + 1?
-1013024
In base 4, what is 13 + -230212233?
-230212220
In base 7, what is 1 - 12116353?
-12116352
In base 8, what is -40 - 56012?
-56052
In base 12, what is -379 + 5b?
-31a
In base 7, what is -510321 + -1?
-510322
In base 14, what is 3 + 879d0?
879d3
In base 7, what is 6 - 1340345?
-1340336
In base 8, what is 4 + 136061?
136065
In base 5, what is 10 + 3000113?
3000123
In base 8, what is 4 - 112055?
-112051
In base 12, what is -1 + 1a46?
1a45
In base 15, what is 2bd4 - 3c?
2b97
In base 4, what is -131 + -33320?
-100111
In base 8, what is 4 - 116732?
-116726
In base 12, what is 0 + -5a9?
-5a9
In base 4, what is -233 - -33101?
32202
In base 2, what is -1001100001000 + 1100011?
-1001010100101
In base 16, what is -2dc4d + -2?
-2dc4f
In base 2, what is 10001 - -11010000110?
11010010111
In base 4, what is -323 - 21231130?
-21232113
In base 13, what is 22a + 14a?
377
In base 11, what is -489 - 841?
-121a
In base 9, what is 438 - 13822?
-13373
In base 9, what is -54366 - -8?
-54357
In base 2, what is 101000111 + 1010111?
110011110
In base 9, what is 32 + 24532?
24564
In base 2, what is 101001000 - -10100?
101011100
In base 13, what is 22 - 94?
-72
In base 2, what is 1 + 1000101010110111111?
1000101010111000000
In base 16, what is -6 - f82a?
-f830
In base 12, what is 2 + -353b9?
-353b7
In base 6, what is 5 - 104315?
-104310
In base 4, what is -22 - -232223?
232201
In base 11, what is 913 + 1?
914
In base 4, what is 20130 - 3121?
11003
In base 13, what is 6a - -46?
b3
In base 8, what is -153 + 2314?
2141
In base 2, what is -10001010100001 - 111110011?
-10010010010100
In base 14, what is d + -47cd?
-47c0
In base 10, what is 2294 + -61?
2233
In base 7, what is 2 - -2110604?
2110606
In base 16, what is -d - -187?
17a
In base 6, what is -1052535 - 3?
-1052542
In base 5, what is 22321123 + -11?
22321112
In base 2, what is 1110010101101001000 - -101?
1110010101101001101
In base 6, what is -4043 - 153?
-4240
In base 6, what is 2432 + -3?
2425
In base 2, what is 11 + 11000000100?
11000000111
In base 11, what is -266 + -101?
-367
In base 13, what is 754 - -2909?
3360
In base 16, what is -d1d9 + -2?
-d1db
In base 12, what is -2a6 - 37?
-321
In base 8, what is -66372 - -57?
-66313
In base 15, what is -37 - -606b?
6034
In base 15, what is -72cb2 + 3?
-72cae
In base 12, what is -4 + 33133?
3312b
In base 2, what is -101001111101010010 - 11?
-101001111101010101
In base 5, what is 443 + 1143?
2141
In base 10, what is 4888 - 78?
4810
In base 8, what is -16 + 102430?
102412
In base 12, what is 103 - 590?
-489
In base 5, what is 4 - -10401010?
10401014
In base 9, what is -5 + 13007?
13002
In base 11, what is -2a080 - 1?
-2a081
In base 4, what is -11112122 + -22?
-11112210
In base 11, what is -3927a + -4?
-39283
In base 7, what is -146425 - 3?
-146431
In base 11, what is -854 + -68?
-911
In base 10, what is 17420 + 3?
17423
In base 6, what is -142 - 4023?
-4205
In base 12, what is 3 - 520918?
-520915
In base 4, what is 0 + -12322021?
-12322021
In base 14, what is -10b77 + -3?
-10b7a
In base 4, what is -30302 + -10003?
-100311
In base 9, what is -3 - 74883?
-74886
In base 2, what is 1000000111100 + 110?
1000001000010
In base 11, what is -3 -